 2267
List the prime factors of 156931.
139, 1129
What are the prime factors of 157377?
3, 11, 19, 251
What are the prime factors of 3689681?
107, 34483
List the prime factors of 5970296.
2, 746287
What are the prime factors of 1019508?
2, 3, 7, 53, 229
List the prime factors of 61466.
2, 73, 421
List the prime factors of 5542477.
5542477
List the prime factors of 206837.
397, 521
What are the prime factors of 38082?
2, 3, 11, 577
What are the prime factors of 3457502?
2, 37, 46723
List the prime factors of 5325044.
2, 1331261
List the prime factors of 10095.
3, 5, 673
What are the prime factors of 1818140?
2, 5, 90907
List the prime factors of 2695233.
3, 31, 73, 397
List the prime factors of 904145.
5, 11, 17, 967
What are the prime factors of 309572?
2, 193, 401
List the prime factors of 186547.
101, 1847
What are the prime factors of 751515?
3, 5, 50101
What are the prime factors of 192506?
2, 101, 953
What are the prime factors of 688678?
2, 149, 2311
List the prime factors of 4653756.
2, 3, 257, 503
List the prime factors of 1168916.
2, 7, 109, 383
List the prime factors of 225277.
13, 31, 43
What are the prime factors of 6043787?
233, 25939
What are the prime factors of 1298260?
2, 5, 139, 467
List the prime factors of 24169776.
2, 3, 193, 2609
What are the prime factors of 24473695?
5, 281, 17419
List the prime factors of 4845849.
3, 199, 8117
List the prime factors of 255644.
2, 79, 809
What are the prime factors of 2036790?
2, 3, 5, 7, 53, 61
List the prime factors of 16601104.
2, 13, 79813
List the prime factors of 15038020.
2, 5, 751901
List the prime factors of 61152.
2, 3, 7, 13
What are the prime factors of 22376310?
2, 3, 5, 11, 67807
What are the prime factors of 1779908?
2, 13, 2633
List the prime factors of 7123914.
2, 3, 7, 41, 197
What are the prime factors of 140528?
2, 8783
List the prime factors of 6280092.
2, 3, 7, 13, 71
List the prime factors of 183555.
3, 5, 4079
What are the prime factors of 988088?
2, 29, 4259
List the prime factors of 307285.
5, 11, 37, 151
What are the prime factors of 298762?
2, 149381
List the prime factors of 3846136.
2, 7, 173, 397
List the prime factors of 2980939.
13, 29, 7907
List the prime factors of 521150.
2, 5, 7, 1489
What are the prime factors of 397942?
2, 198971
List the prime factors of 8119031.
137, 59263
What are the prime factors of 454658?
2, 281, 809
What are the prime factors of 1959621?
3, 653207
What are the prime factors of 13902935?
5, 37, 223, 337
List the prime factors of 3105403.
7, 443629
What are the prime factors of 7584338?
2, 3792169
List the prime factors of 11933012.
2, 7, 13, 32783
List the prime factors of 4512.
2, 3, 47
List the prime factors of 3126117.
3, 1042039
List the prime factors of 8352663.
3, 11, 127, 1993
List the prime factors of 969846.
2, 3, 161641
List the prime factors of 923510.
2, 5, 7, 79, 167
What are the prime factors of 852487?
139, 6133
What are the prime factors of 252349?
127, 1987
List the prime factors of 1009582.
2, 7, 37, 1949
List the prime factors of 86678.
2, 19, 2281
List the prime factors of 16417488.
2, 3, 211, 1621
List the prime factors of 1893257.
41, 61, 757
List the prime factors of 5418072.
2, 3, 11, 6841
What are the prime factors of 909606?
2, 3, 19, 79, 101
What are the prime factors of 1352754?
2, 3, 13, 41, 47
List the prime factors of 14852811.
3, 4950937
What are the prime factors of 16189863?
3, 5396621
What are the prime factors of 3619870?
2, 5, 31, 11677
What are the prime factors of 9648426?
2, 3, 43, 37397
What are the prime factors of 1500883?
593, 2531
What are the prime factors of 9858925?
5, 394357
What are the prime factors of 664413?
3, 221471
What are the prime factors of 1319384?
2, 11, 29, 47
What are the prime factors of 1320322?
2, 17, 38833
What are the prime factors of 63387?
3, 7043
List the prime factors of 30893458.
2, 271, 56999
List the prime factors of 16689182.
2, 19, 431, 1019
What are the prime factors of 186391?
186391
List the prime factors of 20020868.
2, 7, 715031
List the prime factors of 1265091.
3, 421697
List the prime factors of 2207658.
2, 3, 101, 3643
What are the prime factors of 350866?
2, 175433
What are the prime factors of 51515?
5, 10303
What are the prime factors of 82722?
2, 3, 17, 811
List the prime factors of 1311496.
2, 29, 5653
List the prime factors of 3557275.
5, 19, 7489
What are the prime factors of 6463594?
2, 733, 4409
What are the prime factors of 24029450?
2, 5, 113, 4253
List the prime factors of 11152655.
5, 2230531
List the prime factors of 33209693.
11, 3019063
What are the prime factors of 88107?
3, 43, 683
List the prime factors of 332040.
2, 3, 5, 2767
What are the prime factors of 587962?
2, 17, 17293
What are the prime factors of 567439?
567439
What are the prime factors of 15321676?
2, 19, 449
List the prime factors of 1954415.
5, 390883
What are the prime factors of 15023?
83, 181
What are the prime factors of 4290307?
7, 17, 31, 1163
List the prime factors of 13176.
2, 3, 61
List the prime factors of 2396559.
3, 11, 72623
List the prime factors of 2774206.
2, 739, 1877
List the prime factors of 4758452.
2, 1189613
What are the prime factors of 2683848?
2, 3, 111827
What are the prime factors of 515407?
23, 22409
What are the prime factors of 15554291?
541, 28751
What are the prime factors of 1915221?
3, 7, 11, 8291
List the prime factors of 391111.
7, 59, 947
What are the prime factors of 570594?
2, 3, 61, 1559
List the prime factors of 269087.
7, 13, 2957
What are the prime factors of 16768?
2, 131
List the prime factors of 2250627.
3, 750209
List the prime factors of 5998793.
5998793
List the prime factors of 1447402.
2, 11, 5981
What are the prime factors of 3431958?
2, 3, 433, 1321
List the prime factors of 1401271.
227, 6173
List the prime factors of 10933540.
2, 5, 546677
What are the prime factors of 24333835?
5, 127, 38321
What are the prime factors of 1363643?
661, 2063
What are the prime factors of 3975780?
2, 3, 5, 23, 43, 67
What are the prime factors of 286433?
7, 17, 29, 83
List the prime factors of 33375640.
2, 5, 41, 47, 433
What are the prime factors of 11132354?
2, 73, 76249
List the prime factors of 7410362.
2, 43, 199, 433
What are the prime factors of 16108419?
3, 5369473
List the prime factors of 18701200.
2, 5, 7, 6679
List the prime factors of 1595398.
2, 7, 113957
What are the prime factors of 686463?
3, 41, 5581
List the prime factors of 17058172.
2, 4264543
What are the prime factors of 61606?
2, 30803
List the prime factors of 1327210.
2, 5, 132721
List the prime factors of 448357.
7, 13, 379
What are the prime factors of 1254297?
3, 11, 191, 199
What are the prime factors of 33538?
2, 41, 409
List the prime factors of 10080279.
3, 11, 19, 23, 233
List the prime factors of 181112.
2, 22639
What are the prime factors of 1894694?
2, 23, 41189
What are the prime factors of 726341?
7, 11, 9433
List the prime factors of 846037.
846037
What are the prime factors of 306214?
2, 153107
What are the prime factors of 27171491?
17, 149, 631
What are the prime factors of 1174122?
2, 3, 17, 1279
What are the prime factors of 250350?
2, 3, 5, 1669
List the prime factors of 958343.
958343
What are the prime factors of 20127324?
2, 3, 7, 239611
List the prime factors of 867809.
239, 3631
List the prime factors of 586313.
7, 13, 17, 379
List the prime factors of 116080.
2, 5, 1451
List the prime factors of 1438002.
2, 3, 79889
What are the prime factors of 669555?
3, 5, 14879
What are the prime factors of 15521907?
3, 37, 139837
List the prime factors of 9488569.
9488569
What are the prime factors of 4247964?
2, 3, 7, 1873
List the prime factors of 420476.
2, 7, 15017
What are the prime factors of 88540?
2, 5, 19, 233
List the prime factors of 241376.
2, 19, 397
What are the prime factors of 2259338?
2, 179, 6311
List the prime factors of 1755298.
2, 821, 1069
What are the prime factors of 428662?
2, 13, 16487
List the prime factors of 108317.
11, 43, 229
List the prime factors of 273858.
2, 3, 13, 3511
List the prime factors of 2801514.
2, 3, 466919
List the prime factors of 2032155.
3, 5, 15053
List the prime factors of 446810.
2, 5, 7, 13, 491
What are the prime factors of 11048617?
31, 11497
What are the prime factors of 